{"id":69,"date":"2018-10-26T12:29:29","date_gmt":"2018-10-26T12:29:29","guid":{"rendered":"https:\/\/schreinerei-jg.de\/?page_id=69"},"modified":"2025-12-14T14:40:55","modified_gmt":"2025-12-14T14:40:55","slug":"impressum","status":"publish","type":"page","link":"https:\/\/www.schreinerei-jg.de\/index.php\/impressum\/","title":{"rendered":"Impressum"},"content":{"rendered":"\n<figure class=\"wp-block-table\"><table class=\"has-fixed-layout\"><tbody><tr><td>Firmenname:<\/td><td>Schreinerei Gr\u00fcnerbel<\/td><\/tr><tr><td>Gesch\u00e4ftsf\u00fchrer:<\/td><td>Michael Gr\u00fcnerbel<\/td><\/tr><tr><td>Adresse:<\/td><td>Hauptstr. 22<br>85259 Wiedenzhausen<\/td><\/tr><tr><td>Telefon:<\/td><td>+49 (8134) 419<\/td><\/tr><tr><td>Fax:<\/td><td>+49 (8134) 1617<\/td><\/tr><tr><td>E-Mail:<\/td><td>schreinerei-jg@t-online.de<\/td><\/tr><tr><td>Web:<\/td><td>http:\/\/www.schreinerei-jg.de<\/td><\/tr><tr><td>Betriebsnummer:<\/td><td>7075145 <br>Gerichtsstand ist M\u00fcnchen<\/td><\/tr><tr><td>UStId:<\/td><td>DE 268712888<\/td><\/tr><\/tbody><\/table><\/figure>\n","protected":false},"excerpt":{"rendered":"<p>Firmenname: Schreinerei Gr\u00fcnerbel Gesch\u00e4ftsf\u00fchrer: Michael Gr\u00fcnerbel Adresse: Hauptstr. 2285259 Wiedenzhausen Telefon: +49 (8134) 419 Fax: +49 (8134) 1617 E-Mail: schreinerei-jg@t-online.de Web: http:\/\/www.schreinerei-jg.de Betriebsnummer: 7075145 Gerichtsstand ist M\u00fcnchen UStId: DE 268712888<\/p>\n","protected":false},"author":2,"featured_media":0,"parent":0,"menu_order":0,"comment_status":"closed","ping_status":"closed","template":"","meta":{"ngg_post_thumbnail":0,"footnotes":""},"class_list":["post-69","page","type-page","status-publish","hentry"],"_links":{"self":[{"href":"https:\/\/www.schreinerei-jg.de\/index.php\/wp-json\/wp\/v2\/pages\/69","targetHints":{"allow":["GET"]}}],"collection":[{"href":"https:\/\/www.schreinerei-jg.de\/index.php\/wp-json\/wp\/v2\/pages"}],"about":[{"href":"https:\/\/www.schreinerei-jg.de\/index.php\/wp-json\/wp\/v2\/types\/page"}],"author":[{"embeddable":true,"href":"https:\/\/www.schreinerei-jg.de\/index.php\/wp-json\/wp\/v2\/users\/2"}],"replies":[{"embeddable":true,"href":"https:\/\/www.schreinerei-jg.de\/index.php\/wp-json\/wp\/v2\/comments?post=69"}],"version-history":[{"count":7,"href":"https:\/\/www.schreinerei-jg.de\/index.php\/wp-json\/wp\/v2\/pages\/69\/revisions"}],"predecessor-version":[{"id":253,"href":"https:\/\/www.schreinerei-jg.de\/index.php\/wp-json\/wp\/v2\/pages\/69\/revisions\/253"}],"wp:attachment":[{"href":"https:\/\/www.schreinerei-jg.de\/index.php\/wp-json\/wp\/v2\/media?parent=69"}],"curies":[{"name":"wp","href":"https:\/\/api.w.org\/{rel}","templated":true}]}}